{"id":1621,"date":"2020-12-30T12:33:32","date_gmt":"2020-12-30T11:33:32","guid":{"rendered":"http:\/\/www.affittacameresenigallia.it\/?page_id=1621"},"modified":"2020-12-30T12:52:35","modified_gmt":"2020-12-30T11:52:35","slug":"kontakt-2","status":"publish","type":"page","link":"https:\/\/www.affittacameresenigallia.it\/de\/kontakt-2\/","title":{"rendered":"Kontakt"},"content":{"rendered":"<h3><\/h3>\n<h3><\/h3>\n<h3><\/h3>\n<h3>Kontaktieren Sie uns f\u00fcr Informationen und Reservierungen<\/h3>\n\n<div class=\"wpcf7 no-js\" id=\"wpcf7-f584-o1\" lang=\"it-IT\" dir=\"ltr\">\n<div class=\"screen-reader-response\"><p role=\"status\" aria-live=\"polite\" aria-atomic=\"true\"><\/p> <ul><\/ul><\/div>\n<form action=\"\/de\/wp-json\/wp\/v2\/pages\/1621#wpcf7-f584-o1\" method=\"post\" class=\"wpcf7-form init\" aria-label=\"Modulo di contatto\" novalidate=\"novalidate\" data-status=\"init\">\n<div style=\"display: none;\">\n<input type=\"hidden\" name=\"_wpcf7\" value=\"584\" \/>\n<input type=\"hidden\" name=\"_wpcf7_version\" value=\"5.7.3\" \/>\n<input type=\"hidden\" name=\"_wpcf7_locale\" value=\"it_IT\" \/>\n<input type=\"hidden\" name=\"_wpcf7_unit_tag\" value=\"wpcf7-f584-o1\" \/>\n<input type=\"hidden\" name=\"_wpcf7_container_post\" value=\"0\" \/>\n<input type=\"hidden\" name=\"_wpcf7_posted_data_hash\" value=\"\" \/>\n<input type=\"hidden\" name=\"_wpcf7_recaptcha_response\" value=\"\" \/>\n<\/div>\n<p>Please fill out the form on the previous page.\n<\/p><div class=\"wpcf7-response-output\" aria-hidden=\"true\"><\/div>\n<\/form>\n<\/div>\n\n<p>&nbsp;<\/p>\n<p>Das G\u00e4stehaus Lanterna Blu befindet sich in Marzocca di Senigallia an der adriatischen K\u00fcste, wenige Schritte vom Meer entfernt, in der via S.S. Adriatica Sud, 132, gegen\u00fcber des Bahnhofs und der Bushaltestelle.<br \/>\nVon Norden erreichbar \u00fcber die Ausfahrt Senigallia, dann f\u00fcr 8 km weiter in Richtung Ancona. Von S\u00fcden erreichbar \u00fcber die Ausfahrt Montemarciano, dann f\u00fcr 8 km weiter in Richtung Senigallia. Vom Flughafen Ancona Falconara 12 km in Richtung Pesaro fahren.<\/p>\n<p>Die Lanterna Blu ist registriert auf der Tourismus-Website der Region Marche: www. Turismo.marche.it<\/p>\n<p>Detaillierte Reisehinweise finden sich auf dieser Stra\u00dfenkarte<\/p>\n<p>Berechnung der individuellen Reiseroute<\/p>\n<p><iframe loading=\"lazy\" style=\"border: 0; width: 100%;\" src=\"https:\/\/www.google.com\/maps\/embed?pb=!1m18!1m12!1m3!1d2885.6212239498673!2d13.28581431532159!3d43.67684685891961!2m3!1f0!2f0!3f0!3m2!1i1024!2i768!4f13.1!3m3!1m2!1s0x132d769521fdcecd%3A0x6ae876f75d898a06!2sAffittacamere+Lanterna+Blu+Di+Quattrini+Anna+%26+C.+Snc!5e0!3m2!1sit!2sit!4v1447427479657\" width=\"595\" height=\"595\" frameborder=\"0\" allowfullscreen=\"allowfullscreen\"><\/iframe><\/p>\n","protected":false},"excerpt":{"rendered":"<p>Kontaktieren Sie uns f\u00fcr Informationen und Reservierungen &nbsp; Das G\u00e4stehaus Lanterna Blu befindet sich in Marzocca di Senigallia an der adriatischen K\u00fcste, wenige Schritte vom Meer entfernt, in der via S.S. Adriatica Sud, 132, gegen\u00fcber des Bahnhofs und der Bushaltestelle. <a class=\"more-link\" href=\"https:\/\/www.affittacameresenigallia.it\/de\/kontakt-2\/\">Read More &#8230;<\/a><\/p>\n","protected":false},"author":1,"featured_media":0,"parent":0,"menu_order":0,"comment_status":"closed","ping_status":"closed","template":"","meta":[],"acf":[],"yoast_head":"<!-- This site is optimized with the Yoast SEO plugin v21.1 - https:\/\/yoast.com\/wordpress\/plugins\/seo\/ -->\n<title>Kontakt - Lanterna Blu<\/title>\n<meta name=\"robots\" content=\"index, follow, max-snippet:-1, max-image-preview:large, max-video-preview:-1\" \/>\n<link rel=\"canonical\" href=\"https:\/\/www.affittacameresenigallia.it\/de\/kontakt-2\/\" \/>\n<meta property=\"og:locale\" content=\"de_DE\" \/>\n<meta property=\"og:type\" content=\"article\" \/>\n<meta property=\"og:title\" content=\"Kontakt - Lanterna Blu\" \/>\n<meta property=\"og:description\" content=\"Kontaktieren Sie uns f\u00fcr Informationen und Reservierungen &nbsp; Das G\u00e4stehaus Lanterna Blu befindet sich in Marzocca di Senigallia an der adriatischen K\u00fcste, wenige Schritte vom Meer entfernt, in der via S.S. Adriatica Sud, 132, gegen\u00fcber des Bahnhofs und der Bushaltestelle. Read More ...\" \/>\n<meta property=\"og:url\" content=\"https:\/\/www.affittacameresenigallia.it\/de\/kontakt-2\/\" \/>\n<meta property=\"og:site_name\" content=\"Lanterna Blu\" \/>\n<meta property=\"article:modified_time\" content=\"2020-12-30T11:52:35+00:00\" \/>\n<meta name=\"twitter:label1\" content=\"Gesch\u00e4tzte Lesezeit\" \/>\n\t<meta name=\"twitter:data1\" content=\"1\u00a0Minute\" \/>\n<script type=\"application\/ld+json\" class=\"yoast-schema-graph\">{\"@context\":\"https:\/\/schema.org\",\"@graph\":[{\"@type\":\"WebPage\",\"@id\":\"https:\/\/www.affittacameresenigallia.it\/de\/kontakt-2\/\",\"url\":\"https:\/\/www.affittacameresenigallia.it\/de\/kontakt-2\/\",\"name\":\"Kontakt - Lanterna Blu\",\"isPartOf\":{\"@id\":\"https:\/\/www.affittacameresenigallia.it\/de\/#website\"},\"datePublished\":\"2020-12-30T11:33:32+00:00\",\"dateModified\":\"2020-12-30T11:52:35+00:00\",\"breadcrumb\":{\"@id\":\"https:\/\/www.affittacameresenigallia.it\/de\/kontakt-2\/#breadcrumb\"},\"inLanguage\":\"de\",\"potentialAction\":[{\"@type\":\"ReadAction\",\"target\":[\"https:\/\/www.affittacameresenigallia.it\/de\/kontakt-2\/\"]}]},{\"@type\":\"BreadcrumbList\",\"@id\":\"https:\/\/www.affittacameresenigallia.it\/de\/kontakt-2\/#breadcrumb\",\"itemListElement\":[{\"@type\":\"ListItem\",\"position\":1,\"name\":\"Home\",\"item\":\"https:\/\/www.affittacameresenigallia.it\/de\/\"},{\"@type\":\"ListItem\",\"position\":2,\"name\":\"Kontakt\"}]},{\"@type\":\"WebSite\",\"@id\":\"https:\/\/www.affittacameresenigallia.it\/de\/#website\",\"url\":\"https:\/\/www.affittacameresenigallia.it\/de\/\",\"name\":\"Lanterna Blu\",\"description\":\"Affittacamere Marzocca di Senigallia\",\"publisher\":{\"@id\":\"https:\/\/www.affittacameresenigallia.it\/de\/#organization\"},\"potentialAction\":[{\"@type\":\"SearchAction\",\"target\":{\"@type\":\"EntryPoint\",\"urlTemplate\":\"https:\/\/www.affittacameresenigallia.it\/de\/?s={search_term_string}\"},\"query-input\":\"required name=search_term_string\"}],\"inLanguage\":\"de\"},{\"@type\":\"Organization\",\"@id\":\"https:\/\/www.affittacameresenigallia.it\/de\/#organization\",\"name\":\"lanterna Blu\",\"url\":\"https:\/\/www.affittacameresenigallia.it\/de\/\",\"logo\":{\"@type\":\"ImageObject\",\"inLanguage\":\"de\",\"@id\":\"https:\/\/www.affittacameresenigallia.it\/de\/#\/schema\/logo\/image\/\",\"url\":\"https:\/\/www.affittacameresenigallia.it\/wp-content\/uploads\/cropped-favicon.png\",\"contentUrl\":\"https:\/\/www.affittacameresenigallia.it\/wp-content\/uploads\/cropped-favicon.png\",\"width\":512,\"height\":512,\"caption\":\"lanterna Blu\"},\"image\":{\"@id\":\"https:\/\/www.affittacameresenigallia.it\/de\/#\/schema\/logo\/image\/\"},\"sameAs\":[\"https:\/\/www.instagram.com\/lanternablu_senigallia\/\"]}]}<\/script>\n<!-- \/ Yoast SEO plugin. -->","yoast_head_json":{"title":"Kontakt - Lanterna Blu","robots":{"index":"index","follow":"follow","max-snippet":"max-snippet:-1","max-image-preview":"max-image-preview:large","max-video-preview":"max-video-preview:-1"},"canonical":"https:\/\/www.affittacameresenigallia.it\/de\/kontakt-2\/","og_locale":"de_DE","og_type":"article","og_title":"Kontakt - Lanterna Blu","og_description":"Kontaktieren Sie uns f\u00fcr Informationen und Reservierungen &nbsp; Das G\u00e4stehaus Lanterna Blu befindet sich in Marzocca di Senigallia an der adriatischen K\u00fcste, wenige Schritte vom Meer entfernt, in der via S.S. Adriatica Sud, 132, gegen\u00fcber des Bahnhofs und der Bushaltestelle. Read More ...","og_url":"https:\/\/www.affittacameresenigallia.it\/de\/kontakt-2\/","og_site_name":"Lanterna Blu","article_modified_time":"2020-12-30T11:52:35+00:00","twitter_misc":{"Gesch\u00e4tzte Lesezeit":"1\u00a0Minute"},"schema":{"@context":"https:\/\/schema.org","@graph":[{"@type":"WebPage","@id":"https:\/\/www.affittacameresenigallia.it\/de\/kontakt-2\/","url":"https:\/\/www.affittacameresenigallia.it\/de\/kontakt-2\/","name":"Kontakt - Lanterna Blu","isPartOf":{"@id":"https:\/\/www.affittacameresenigallia.it\/de\/#website"},"datePublished":"2020-12-30T11:33:32+00:00","dateModified":"2020-12-30T11:52:35+00:00","breadcrumb":{"@id":"https:\/\/www.affittacameresenigallia.it\/de\/kontakt-2\/#breadcrumb"},"inLanguage":"de","potentialAction":[{"@type":"ReadAction","target":["https:\/\/www.affittacameresenigallia.it\/de\/kontakt-2\/"]}]},{"@type":"BreadcrumbList","@id":"https:\/\/www.affittacameresenigallia.it\/de\/kontakt-2\/#breadcrumb","itemListElement":[{"@type":"ListItem","position":1,"name":"Home","item":"https:\/\/www.affittacameresenigallia.it\/de\/"},{"@type":"ListItem","position":2,"name":"Kontakt"}]},{"@type":"WebSite","@id":"https:\/\/www.affittacameresenigallia.it\/de\/#website","url":"https:\/\/www.affittacameresenigallia.it\/de\/","name":"Lanterna Blu","description":"Affittacamere Marzocca di Senigallia","publisher":{"@id":"https:\/\/www.affittacameresenigallia.it\/de\/#organization"},"potentialAction":[{"@type":"SearchAction","target":{"@type":"EntryPoint","urlTemplate":"https:\/\/www.affittacameresenigallia.it\/de\/?s={search_term_string}"},"query-input":"required name=search_term_string"}],"inLanguage":"de"},{"@type":"Organization","@id":"https:\/\/www.affittacameresenigallia.it\/de\/#organization","name":"lanterna Blu","url":"https:\/\/www.affittacameresenigallia.it\/de\/","logo":{"@type":"ImageObject","inLanguage":"de","@id":"https:\/\/www.affittacameresenigallia.it\/de\/#\/schema\/logo\/image\/","url":"https:\/\/www.affittacameresenigallia.it\/wp-content\/uploads\/cropped-favicon.png","contentUrl":"https:\/\/www.affittacameresenigallia.it\/wp-content\/uploads\/cropped-favicon.png","width":512,"height":512,"caption":"lanterna Blu"},"image":{"@id":"https:\/\/www.affittacameresenigallia.it\/de\/#\/schema\/logo\/image\/"},"sameAs":["https:\/\/www.instagram.com\/lanternablu_senigallia\/"]}]}},"_links":{"self":[{"href":"https:\/\/www.affittacameresenigallia.it\/de\/wp-json\/wp\/v2\/pages\/1621"}],"collection":[{"href":"https:\/\/www.affittacameresenigallia.it\/de\/wp-json\/wp\/v2\/pages"}],"about":[{"href":"https:\/\/www.affittacameresenigallia.it\/de\/wp-json\/wp\/v2\/types\/page"}],"author":[{"embeddable":true,"href":"https:\/\/www.affittacameresenigallia.it\/de\/wp-json\/wp\/v2\/users\/1"}],"replies":[{"embeddable":true,"href":"https:\/\/www.affittacameresenigallia.it\/de\/wp-json\/wp\/v2\/comments?post=1621"}],"version-history":[{"count":4,"href":"https:\/\/www.affittacameresenigallia.it\/de\/wp-json\/wp\/v2\/pages\/1621\/revisions"}],"predecessor-version":[{"id":1627,"href":"https:\/\/www.affittacameresenigallia.it\/de\/wp-json\/wp\/v2\/pages\/1621\/revisions\/1627"}],"wp:attachment":[{"href":"https:\/\/www.affittacameresenigallia.it\/de\/wp-json\/wp\/v2\/media?parent=1621"}],"curies":[{"name":"wp","href":"https:\/\/api.w.org\/{rel}","templated":true}]}}

<h3></h3>
<h3></h3>
<h3></h3>
<h3>Kontaktieren Sie uns für Informationen und Reservierungen</h3>

<div class="wpcf7 no-js" id="wpcf7-f584-o1" lang="it-IT" dir="ltr">
<div class="screen-reader-response"><p role="status" aria-live="polite" aria-atomic="true"></p> <ul></ul></div>
<form action="/de/wp-json/wp/v2/pages/1621#wpcf7-f584-o1" method="post" class="wpcf7-form init" aria-label="Modulo di contatto" novalidate="novalidate" data-status="init">
<div style="display: none;">
<input type="hidden" name="_wpcf7" value="584" />
<input type="hidden" name="_wpcf7_version" value="5.7.3" />
<input type="hidden" name="_wpcf7_locale" value="it_IT" />
<input type="hidden" name="_wpcf7_unit_tag" value="wpcf7-f584-o1" />
<input type="hidden" name="_wpcf7_container_post" value="0" />
<input type="hidden" name="_wpcf7_posted_data_hash" value="" />
<input type="hidden" name="_wpcf7_recaptcha_response" value="" />
</div>
<p>Please fill out the form on the previous page.
</p><div class="wpcf7-response-output" aria-hidden="true"></div>
</form>
</div>

<p>&nbsp;</p>
<p>Das Gästehaus Lanterna Blu befindet sich in Marzocca di Senigallia an der adriatischen Küste, wenige Schritte vom Meer entfernt, in der via S.S. Adriatica Sud, 132, gegenüber des Bahnhofs und der Bushaltestelle.<br />
Von Norden erreichbar über die Ausfahrt Senigallia, dann für 8 km weiter in Richtung Ancona. Von Süden erreichbar über die Ausfahrt Montemarciano, dann für 8 km weiter in Richtung Senigallia. Vom Flughafen Ancona Falconara 12 km in Richtung Pesaro fahren.</p>
<p>Die Lanterna Blu ist registriert auf der Tourismus-Website der Region Marche: www. Turismo.marche.it</p>
<p>Detaillierte Reisehinweise finden sich auf dieser Straßenkarte</p>
<p>Berechnung der individuellen Reiseroute</p>
<p><iframe loading="lazy" style="border: 0; width: 100%;" src="https://www.google.com/maps/embed?pb=!1m18!1m12!1m3!1d2885.6212239498673!2d13.28581431532159!3d43.67684685891961!2m3!1f0!2f0!3f0!3m2!1i1024!2i768!4f13.1!3m3!1m2!1s0x132d769521fdcecd%3A0x6ae876f75d898a06!2sAffittacamere+Lanterna+Blu+Di+Quattrini+Anna+%26+C.+Snc!5e0!3m2!1sit!2sit!4v1447427479657" width="595" height="595" frameborder="0" allowfullscreen="allowfullscreen"></iframe></p>

<p>Kontaktieren Sie uns für Informationen und Reservierungen &nbsp; Das Gästehaus Lanterna Blu befindet sich in Marzocca di Senigallia an der adriatischen Küste, wenige Schritte vom Meer entfernt, in der via S.S. Adriatica Sud, 132, gegenüber des Bahnhofs und der Bushaltestelle. <a class="more-link" href="https://www.affittacameresenigallia.it/de/kontakt-2/">Read More &#8230;</a></p>

<!-- This site is optimized with the Yoast SEO plugin v21.1 - https://yoast.com/wordpress/plugins/seo/ -->
<title>Kontakt - Lanterna Blu</title>
<meta name="robots" content="index, follow, max-snippet:-1, max-image-preview:large, max-video-preview:-1" />
<link rel="canonical" href="https://www.affittacameresenigallia.it/de/kontakt-2/" />
<meta property="og:locale" content="de_DE" />
<meta property="og:type" content="article" />
<meta property="og:title" content="Kontakt - Lanterna Blu" />
<meta property="og:description" content="Kontaktieren Sie uns für Informationen und Reservierungen &nbsp; Das Gästehaus Lanterna Blu befindet sich in Marzocca di Senigallia an der adriatischen Küste, wenige Schritte vom Meer entfernt, in der via S.S. Adriatica Sud, 132, gegenüber des Bahnhofs und der Bushaltestelle. Read More ..." />
<meta property="og:url" content="https://www.affittacameresenigallia.it/de/kontakt-2/" />
<meta property="og:site_name" content="Lanterna Blu" />
<meta property="article:modified_time" content="2020-12-30T11:52:35+00:00" />
<meta name="twitter:label1" content="Geschätzte Lesezeit" />
	<meta name="twitter:data1" content="1 Minute" />
<script type="application/ld+json" class="yoast-schema-graph">{"@context":"https://schema.org","@graph":[{"@type":"WebPage","@id":"https://www.affittacameresenigallia.it/de/kontakt-2/","url":"https://www.affittacameresenigallia.it/de/kontakt-2/","name":"Kontakt - Lanterna Blu","isPartOf":{"@id":"https://www.affittacameresenigallia.it/de/#website"},"datePublished":"2020-12-30T11:33:32+00:00","dateModified":"2020-12-30T11:52:35+00:00","breadcrumb":{"@id":"https://www.affittacameresenigallia.it/de/kontakt-2/#breadcrumb"},"inLanguage":"de","potentialAction":[{"@type":"ReadAction","target":["https://www.affittacameresenigallia.it/de/kontakt-2/"]}]},{"@type":"BreadcrumbList","@id":"https://www.affittacameresenigallia.it/de/kontakt-2/#breadcrumb","itemListElement":[{"@type":"ListItem","position":1,"name":"Home","item":"https://www.affittacameresenigallia.it/de/"},{"@type":"ListItem","position":2,"name":"Kontakt"}]},{"@type":"WebSite","@id":"https://www.affittacameresenigallia.it/de/#website","url":"https://www.affittacameresenigallia.it/de/","name":"Lanterna Blu","description":"Affittacamere Marzocca di Senigallia","publisher":{"@id":"https://www.affittacameresenigallia.it/de/#organization"},"potentialAction":[{"@type":"SearchAction","target":{"@type":"EntryPoint","urlTemplate":"https://www.affittacameresenigallia.it/de/?s={search_term_string}"},"query-input":"required name=search_term_string"}],"inLanguage":"de"},{"@type":"Organization","@id":"https://www.affittacameresenigallia.it/de/#organization","name":"lanterna Blu","url":"https://www.affittacameresenigallia.it/de/","logo":{"@type":"ImageObject","inLanguage":"de","@id":"https://www.affittacameresenigallia.it/de/#/schema/logo/image/","url":"https://www.affittacameresenigallia.it/wp-content/uploads/cropped-favicon.png","contentUrl":"https://www.affittacameresenigallia.it/wp-content/uploads/cropped-favicon.png","width":512,"height":512,"caption":"lanterna Blu"},"image":{"@id":"https://www.affittacameresenigallia.it/de/#/schema/logo/image/"},"sameAs":["https://www.instagram.com/lanternablu_senigallia/"]}]}</script>
<!-- / Yoast SEO plugin. -->

Kontaktieren Sie uns für Informationen und Reservierungen &nbsp; Das Gästehaus Lanterna Blu befindet sich in Marzocca di Senigallia an der adriatischen Küste, wenige Schritte vom Meer entfernt, in der via S.S. Adriatica Sud, 132, gegenüber des Bahnhofs und der Bushaltestelle. Read More ...
